o base 12
-25aa
Convert 424132 (base 5) to base 8.
33724
108 (base 16) to base 14
14c
102122 (base 3) to base 6
1242
What is 1220111 (base 3) in base 8?
2556
Convert 6118 (base 11) to base 6.
101342
563 (base 10) to base 14
2c3
What is b7da (base 16) in base 12?
232a2
Convert 2092 (base 13) to base 3.
20012011
What is -820 (base 16) in base 15?
-93a
What is e9d (base 15) in base 7?
12421
What is -21020022 (base 3) in base 8?
-12231
Convert -7398 (base 10) to base 2.
-1110011100110
What is -8375 (base 9) in base 5?
-144033
What is -215452 (base 6) in base 16?
-46b8
What is -102540 (base 7) in base 14?
-6690
2086 (base 10) to base 6
13354
Convert -4204 (base 6) to base 15.
-42a
Convert -110001010101 (base 2) to base 12.
-19b1
Convert -4490 (base 11) to base 15.
-1b3c
Convert 28a0 (base 13) to base 14.
21da
565 (base 16) to base 4
111211
Convert -1000101101111 (base 2) to base 15.
-14c8
776 (base 12) to base 3
1111200
What is -2344 (base 6) in base 5?
-4233
Convert 4a8 (base 11) to base 2.
1001011010
Convert 1d34 (base 14) to base 10.
5338
What is -33c (base 16) in base 11?
-693
Convert 6966 (base 13) to base 15.
45ac
What is 30145 (base 6) in base 11?
2a74
Convert -51 (base 6) to base 4.
-133
-11011011110 (base 2) to base 13
-a53
Convert -6528 (base 9) to base 13.
-2258
Convert -13002313 (base 4) to base 6.
-341331
89597 (base 10) to base 12
43a25
What is 4336 (base 8) in base 6?
14302
What is -12300232 (base 4) in base 8?
-66056
What is 1194 (base 14) in base 4?
233332
-122512 (base 6) to base 16
-2aec
What is -1121011012 (base 3) in base 13?
-11420
Convert -220211022 (base 3) to base 9.
-26738
-10100100 (base 2) to base 3
-20002
17636 (base 10) to base 9
26165
What is 500 (base 15) in base 8?
2145
-201422 (base 5) to base 13
-2c50
285 (base 11) to base 14
19d
Convert -1110011100 (base 2) to base 4.
-32130
13131 (base 4) to base 11
3a4
What is 114 (base 11) in base 2?
10001000
Convert -d9a7 (base 15) to base 11.
-31670
Convert -136 (base 10) to base 16.
-88
What is 36d (base 15) in base 16?
30a
What is -2668 (base 12) in base 14?
-1864
What is -89 (base 13) in base 6?
-305
What is 960 (base 12) in base 13?
813
-102201022 (base 3) to base 5
-233130
1004 (base 10) to base 2
1111101100
Convert 144 (base 16) to base 15.
169
322d (base 14) to base 16
21d9
Convert 111114 (base 5) to base 10.
3909
What is 336 (base 8) in base 3?
22020
Convert 25593 (base 10) to base 12.
12989
-120011001 (base 3) to base 11
-8330
Convert 2538 (base 14) to base 10.
6518
Convert -43126 (base 9) to base 6.
-340040
What is -522 (base 11) in base 13?
-395
Convert 1938 (base 14) to base 8.
10716
What is -2759b (base 12) in base 7?
-314423
What is 11752 (base 8) in base 16?
13ea
Convert 5b49 (base 15) to base 5.
1110134
Convert -1431 (base 5) to base 14.
-133
762 (base 13) to base 16
4ef
Convert -20140 (base 6) to base 15.
-bbc
What is -1010111010 (base 2) in base 4?
-22322
-1122112 (base 3) to base 11
-9a3
What is 24420 (base 6) in base 3?
11221210
Convert -23501 (base 7) to base 14.
-2301
What is 1210222 (base 3) in base 9?
1728
3110 (base 5) to base 8
625
What is 565 (base 7) in base 14?
16c
What is 21120100 (base 3) in base 8?
12615
What is -25163 (base 9) in base 7?
-100200
Convert 316 (base 7) to base 15.
aa
Convert -2402 (base 8) to base 5.
-20112
Convert 8397 (base 10) to base 13.
3a8c
What is -10001000001 (base 2) in base 10?
-1089
Convert -112235 (base 6) to base 11.
-7237
12431 (base 7) to base 2
110011101001
What is -341 (base 10) in base 11?
-290
8a2 (base 14) to base 15
790
-111111 (base 4) to base 16
-555
What is 2313 (base 5) in base 9?
410
What is 24024 (base 7) in base 4?
1200300
What is -2204 (base 11) in base 5?
-43113
Convert -bef (base 16) to base 3.
-11012011
Convert -640 (base 12) to base 2.
-1110010000
Convert 11001000111010 (base 2) to base 4.
3020322
Convert 1131355 (base 6) to base 14.
17555
Convert 693 (base 14) to base 13.
795
163b (base 13) to base 2
110010111101
Convert -90b (base 13) to base 7.
-4316
-1131 (base 9) to base 7
-2305
What is a19 (base 11) in base 5?
14410
-342 (base 9) to base 10
-281
What is -1507 (base 8) in base 11?
-6a3
3301 (base 6) to base 12
531
What is 145b (base 12) in base 9?
3228
Convert 32f (base 16) to base 5.
11230
Convert -40001 (base 5) to base 15.
-b1b
-16a (base 16) to base 11
-2aa
Convert 315 (base 13) to base 2.
1000001101
10021222001 (base 3) to base 10
64855
Convert 11044 (base 8) to base 5.
122034
Convert -da (base 15) to base 7.
-412
What is -24212 (base 5) in base 16?
-70f
What is -131004 (base 5) in base 10?
-5129
603 (base 9) to base 6
2133
Convert -811d (base 16) to base 8.
-100435
Convert -14230 (base 6) to base 16.
-8ca
Convert -287 (base 11) to base 14.
-1a1
174 (base 15) to base 9
411
Convert 195a2 (base 13) to base 11.
34059
Convert abd (base 16) to base 11.
207a
2435 (base 7) to base 16
38c
-2a (base 12) to base 15
-24
Convert -548 (base 11) to base 5.
-10112
-5b61 (base 12) to base 10
-10297
63c (base 13) to base 10
1065
Convert 210301 (base 5) to base 10.
6951
What is 131564 (base 7) in base 14?
8da4
What is -141 (base 10) in base 6?
-353
What is -100020 (base 3) in base 13?
-162
-333300 (base 4) to base 11
-307a
1a3 (base 14) to base 4
11103
What is 12303 (base 4) in base 3?
121010
What is 1025 (base 6) in base 12?
175
What is -1233405 (base 6) in base 5?
-4120033
What is 3571 (base 9) in base 15?
bc1
What is -567 (base 9) in base 2?
-111010010
What is 4d6 (base 14) in base 10?
972
-122111 (base 3) to base 8
-730
-75b8 (base 16) to base 2
-111010110111000
Convert -158 (base 14) to base 5.
-2044
Convert -47d (base 14) to base 5.
-12040
What is -251102 (base 6) in base 11?
-15820
-11001111100110 (base 2) to base 3
-200020002
What is -4702 (base 8) in base 6?
-15322
Convert -4423 (base 7) to base 12.
-b01
Convert -230155 (base 7) to base 4.
-21333022
15b5 (base 13) to base 15
e2a
-5188 (base 14) to base 12
-8158
34021 (base 5) to base 2
100101010010
What is 6486 (base 15) in base 4?
11030130
1630 (base 8) to base 2
1110011000
Convert 41242 (base 9) to base 11.
19463
Convert 740 (base 9) to base 11.
4a9
Convert -600 (base 7) to base 16.
-126
What is -1818 (base 11) in base 2?
-100100001110
Convert -276c (base 13) to base 11.
-4292
13101 (base 4) to base 11
393
1294 (base 14) to base 5
101031
What is -1011011100110110 (base 2) in base 6?
-1001050
What is 136 (base 8) in base 2?
1011110
-21323011 (base 4) to base 14
-10b53
-16c (base 16) to base 2
-101101100
What is 7a9a (base 12) in base 14?
4d94
Convert -4272 (base 12) to base 9.
-10885
What is -67615 (base 8) in base 3?
-1110011200
-4c0 (base 13) to base 10
-832
What is 10334 (base 6) in base 13?
859
What is -50531 (base 7) in base 11?
-9247
Convert 317 (base 10) to base 16.
13d
What is -1555 (base 9) in base 11?
-987
What is 123301 (base 4) in base 16?
6f1
Convert -68 (base 12) to base 8.
-120
Convert 13 (base 9) to base 11.
11
Convert -111110110000101 (base 2) to base 14.
-b9d3
577 (base 9) to base 15
21a
-7088 (base 9) to base 14
-1c63
What is 126101 (base 7) in base 12?
11885
1101010000 (base 2) to base 13
503
What is -183 (base 12) in base 9?
-300
-3182 (base 10) to base 5
-100212
What is 4440 (base 5) in base 9?
758
-10 (base 13) to base 4
-31
What is -23204 (base 5) in base 2?
-11010001111
-1a5b (base 14) to base 13
-2241
4405 (base 6) to base 12
705
11010 (base 2) to base 4
122
Convert -1111311 (base 4) to base 5.
-133433
5830 (base 12) to base 8
23144
Convert -1011001010001001 (base 2) to base 11.
-31380
26e (base 15) to base 3
202112
What is -3ccb (base 13) in base 8?
-21122
1326 (base 12) to base 4
202032
What is 22b (base 16) in base 10?
555
What is 80a2 (base 11) in base 2?
10101000001000
Convert 56a7 (base 12) to base 5.
302011
What is 2331222 (base 4) in base 13?
56a9
Convert -88 (base 11) to base 8.
-140
What is -18c (base 14) in base 3?
-102212
Convert 104110 (base 6) to base 9.
12816
Convert -1101111010000000 (base 2) to base 14.
-16a88
What is 60b (base 13) in base 4?
100001
Convert -1634 (base 16) to base 3.
-21210112
Convert 5667a (base 11) to base 16.
14054
-3333012 (base 4) to base 13
-757b
Convert -10100001011010 (base 2) to base 11.
-7841
956 (base 12) to base 2
10101010010
Convert -248 (base 11) to base 6.
-1210
Con